and 28?
14
Let z be 190*(8 + (-8 - -7)). Calculate the greatest common factor of z and 210.
70
Suppose -2*r + 154 = -3*r + 229. Calculate the greatest common divisor of r and 13425.
75
Suppose x = -2*x + 72. Let r = -640937 + 641141. What is the highest common divisor of x and r?
12
Let j = 31918 - 31906. Let b be 0 + (-1)/((-3)/576). What is the highest common factor of b and j?
12
Let j be 222547/371 - 3/(-21). Calculate the highest common divisor of 975 and j.
75
Let t = -30 + 81. Let r(b) = 31*b + 3. Let w be r(18). Calculate the greatest common factor of w and t.
51
Let n = 253 - 221. Suppose n*s = 39*s - 7. Calculate the greatest common divisor of s and 1.
1
Let x(q) = q**3 + 2*q**2 + 3*q - 6. Let c be x(6). Let v be ((-12)/(-15))/(6/c). Suppose v = 2*n - 40. What is the greatest common divisor of n and 5?
5
Let f = 3657 - 3609. What is the greatest common factor of 36 and f?
12
Let o be (-4151)/(-14) - 3/(-6). Let v be (1 + 0)/(9/o). Suppose -30*c + 283 = -47. Calculate the greatest common divisor of c and v.
11
Let d(i) = 2*i**3 - 29*i**2 + 44*i - 21. Let t be d(19). Calculate the highest common divisor of t and 240.
16
Suppose -h = -3*n - 78, 2*n + 416 = 3*h + 2*h. Suppose 32 = -2*y - 18. Let t = y + 32. Calculate the highest common divisor of t and h.
7
Suppose -1531 = -79*v + 1550. Suppose 4*j + 6 + 16 = 2*d, 0 = 2*d + 3*j - 29. Calculate the highest common factor of d and v.
13
Suppose 0 = z + 3*z - 1932. Let r be (1 + -3 - (-551)/(-58))/((-3)/18). Calculate the greatest common factor of z and r.
69
Let j = -2250 + 2710. Calculate the highest common divisor of j and 644.
92
Let w be ((-994)/426 + (-1)/3)*-102. What is the greatest common factor of w and 40?
8
Suppose 0 = -65*y + 11*y + 1620. Suppose -l + 4*q - 5 = -15, -3*l - 4*q + y = 0. Calculate the greatest common factor of 85 and l.
5
Suppose -u + 5*p + 2174 - 372 = 0, -12 = 3*p. Suppose -u = -13*f + 2482. What is the highest common divisor of f and 41?
41
Let m be (-2)/1 + 98 + 14. Let o be 385/(-14)*8/(-10). What is the highest common divisor of m and o?
22
Let n(z) = 3*z**2 - 160*z + 2720. Let b be n(39). What is the greatest common factor of 133 and b?
7
Suppose -8*y = 2594 - 770. Let j = 481 + y. Calculate the highest common divisor of 11 and j.
11
Suppose 0 = 3*k + k + 60. Let x(c) = c**3 + 16*c**2 + 14*c + 7. Let p be x(k). Let o be 91*15/42 + (-1)/(-2). Calculate the highest common factor of p and o.
11
Let c be 759 + (6 - 5) + -16. Calculate the greatest common factor of 120 and c.
24
Let r be 3377 + 20 + (-6 - 7). Calculate the highest common factor of r and 27.
9
Let m = -8122 - -8162. Let k = 55 + -25. What is the greatest common factor of k and m?
10
Let p = -1684 + 2564. Calculate the highest common factor of p and 80.
80
Suppose -275 = -9*w + 14*w. Let j = w + 85. What is the highest common divisor of 12 and j?
6
Suppose -161*q + 196149 = 272*q. Calculate the greatest common divisor of q and 755.
151
Let q = -31811 + 31911. What is the highest common factor of q and 4000?
100
Let u = 2953 - 2801. Calculate the greatest common divisor of u and 5548.
76
Suppose -65 = -5*j - u + 24, -2*j - 5*u = -54. Let o be ((-5)/(-5) + j)*88/6. What is the highest common divisor of 24 and o?
24
Suppose v - 2*d = -2, 0*d = 2*v - d - 8. Suppose -h - 5 = -l, 5*h + 0*l = l - 9. Let w be 28 + 1 + h + 2. What is the highest common divisor of v and w?
6
Suppose 24*d - 2343 = -39. Let z = 36 - 18. Suppose -d - z = -3*f. What is the greatest common divisor of f and 38?
38
Let o = -862 + 1262. Suppose 2*t - 211 = 3*c, 3*c + 217 = -t + 6*t. Let x = 119 + c. Calculate the highest common factor of o and x.
50
Suppose -x + 4*r + 19 = 0, 2*r + 18 = 16. Let j be 3/5 - (0 + (-1791)/x). What is the greatest common divisor of 16 and j?
8
Suppose -1269588 + 3893108 = 35*w + 125*w. Calculate the highest common divisor of 38 and w.
19
Suppose 4*p - 10 = -b, 7*b - 5*b = -5*p + 26. Let r = b + 14. What is the highest common divisor of r and 128?
32
Let w(m) be the second derivative of 7*m**3/2 + 71*m**2 + 75*m. Let h be w(-6). Let y = 60 - -4. What is the greatest common divisor of y and h?
16
Suppose 4*y + 1060 = d, -6*y + d = -7*y - 270. Let q be y/28*(-3)/3*10. Calculate the highest common divisor of 5 and q.
5
Let j be ((-75)/45)/(1/(-12)). Suppose 212 = 3*t + 122. Suppose t = 14*z - 11*z. Calculate the greatest common factor of j and z.
10
Suppose 19*b - 14*b = 20. Suppose -b*l + 98 = 3*l. Let z be (140/8)/(-5)*-6. Calculate the highest common divisor of z and l.
7
Let a be (-16)/12*207/(-6). Let b = a - 2. Suppose 2*g - s = -2*g + b, -3*g + 33 = -2*s. What is the highest common factor of 11 and g?
11
Let d be (((-1340)/(-14))/(-2))/(7/2793*-57). Calculate the highest common divisor of d and 155.
5
Let c be 50/2*(-3 + 4) - -3. Suppose v = 5*z - 72, -v + 10*z - 12*z - 37 = 0. Let u = v + 145. What is the highest common divisor of u and c?
14
Suppose o - 987 = 3*c, -3*o = -3*c - c - 2941. Suppose -26*j - o = -3575. Calculate the highest common factor of 20 and j.
20
Let q be 8/(-16)*2*-53. Suppose 44*l - q*l = -468. Calculate the highest common divisor of 4 and l.
4
Suppose -118*u + 7688 = -87*u. Let q = 56 - 48. What is the greatest common factor of q and u?
8
Let p be 10/25 - (-12)/(-30). Let d be (-8235)/(-15) - (p + -1). What is the greatest common divisor of d and 55?
55
Suppose -4*a = p - 120, 4*a + 4*p = 7*p + 120. What is the highest common factor of 1210 and a?
10
Let d = -7 + 17. Suppose 5*i - 4*i = d. Let k be ((-990)/693)/((-2)/98 + 0). What is the highest common factor of i and k?
10
Let u be (-4998)/39 - (-2)/13. Let c be (u/96)/((-8)/18). Suppose 4*j + 0*d - 9 = c*d, -j - 1 = -4*d. What is the greatest common factor of 39 and j?
3
Let i be (-10)/2 + (-8 - -18). Suppose i*s - 6*p - 198 = -10*p, -2*p - 34 = -s. What is the highest common factor of 76 and s?
38
Let a be -2*((-10)/12 + 72/(-108)). Suppose 192 + 159 = 9*c. What is the greatest common factor of a and c?
3
Let d be (-1441)/(-44) + (-33)/44. Suppose 1 = -5*w + 11. What is the highest common divisor of w and d?
2
Let o(p) = p**3 - 19*p**2 + 37*p - 38. Let a be o(17). What is the greatest common divisor of 3419 and a?
13
Let g = -13 + 71. Let v = -65 + g. Let z be (-296)/v + 28/(-98). What is the greatest common divisor of z and 105?
21
Let n(y) = y - 2. Let m(i) = 13*i - 90. Let l(r) = m(r) + 5*n(r). Let o be l(20). Calculate the highest common factor of o and 4.
4
Let m(w) = 2*w**2 + 28*w + 27. Let i be m(-13). Let s be (44/(-8))/11*2. Let u be 21/2*(s + 3)*i. What is the highest common divisor of u and 84?
21
Suppose -3*m + 5*q + 598 = 0, 18*m - 630 = 15*m - 3*q. Let u = m + -176. Let l = -86 - -136. What is the greatest common divisor of l and u?
10
Suppose 4*x - 88*m + 90*m = 9974, 4*x - 2*m = 9954. What is the greatest common divisor of 530 and x?
53
Suppose -9147 = 14*z - 12017. Calculate the highest common divisor of z and 315.
5
Suppose -5*t - 12*h = -66, 10*h = 5*t + 7*h - 96. What is the greatest common divisor of t and 4581?
9
Suppose 218*g = 260*g - 57834. Suppose -70 = -3*c - 19. Calculate the greatest common divisor of c and g.
17
Suppose 0 = 5*o - 3 + 8. Let m be (-6)/o*(-2)/(-6). Let k(d) = -498*d + 208669. Let b be k(419). What is the highest common factor of m and b?
1
Let v = 7575 + -6840. Calculate the highest common divisor of 1890 and v.
105
Suppose -3*k = -324*p + 325*p - 48, -p - 4*k + 43 = 0. Let g(a) = 5*a + 1. Let j be g(4). Calculate the highest common divisor of j and p.
21
Let h(s) = -2*s**3 - 67*s**2 - 39*s - 178. Let c be h(-33). What is the greatest common divisor of 3580 and c?
20
Let p(s) = 36*s + 252. Let r be p(-5). What is the highest common factor of r and 1278?
18
Let w = 3725 + -3629. Let i = 24 + 48. What is the greatest common factor of i and w?
24
Suppose 17*q = 19*q - g + 130, -126 = 2*q - 2*g. Let o be 2/(-7) - 766/14. Let s = o - q. Calculate the highest common factor of 24 and s.
12
Let p(x) be the third derivative of x**5/30 - 5*x**4/4 + 11*x**3/3 - x**2 - 21. Let d be p(15). Calculate the greatest common factor of d and 11.
11
Suppose 2*s - o = 3408, -281*s = -280*s - 2*o - 1704. Calculate the highest common divisor of s and 16.
8
Let i = -12457 + 13055. What is the highes